{"id":26,"date":"2018-08-05T19:03:59","date_gmt":"2018-08-05T19:03:59","guid":{"rendered":"http:\/\/eltera.org\/?page_id=7"},"modified":"2024-11-02T20:39:59","modified_gmt":"2024-11-02T18:39:59","slug":"cont","status":"publish","type":"page","link":"https:\/\/eltera.org\/?page_id=26","title":{"rendered":"Cont &#8211; Account &#8211; Konto"},"content":{"rendered":"<p>ASOCIATIA ELTERA<br \/><b><\/b>IBAN: RO08 RZBR 0000 0600 1910 5175<br \/>Raiffeisen Bank \u2013 Romania<br \/>Swift: RZBRROBU<\/p>\n<p>Paypal:\u00a0<a href=\"http:\/\/paypal.me\/elteraorg\">http:\/\/paypal.me\/elteraorg<\/a><\/p>\n<p>V\u0103 rug\u0103m s\u0103 selecta\u021bi prietenii \u0219i familia pentru dona\u021bii.<br \/><em>Bitte an Freunde und Familie f\u00fcr Spenden ausw\u00e4hlen.<\/em><br \/><strong>Please select friends and family for donations.<\/strong><\/p>\n<p>Revolut: <a href=\"https:\/\/pay.revolut.com\/profile\/mariaedtlm\">https:\/\/pay.revolut.com\/profile\/mariaedtlm<\/a><\/p>\n\n\n<p><\/p>\n","protected":false},"excerpt":{"rendered":"<p>ASOCIATIA ELTERAIBAN: RO08 RZBR 0000 0600 1910 5175Raiffeisen Bank \u2013 RomaniaSwift: RZBRROBU Paypal:\u00a0http:\/\/paypal.me\/elteraorg V\u0103 rug\u0103m s\u0103 selecta\u021bi prietenii \u0219i familia pentru dona\u021bii.Bitte an Freunde und Familie f\u00fcr Spenden ausw\u00e4hlen.Please select friends and family for donations. Revolut: https:\/\/pay.revolut.com\/profile\/mariaedtlm<\/p>\n","protected":false},"author":1,"featured_media":0,"parent":0,"menu_order":0,"comment_status":"closed","ping_status":"closed","template":"","meta":{"footnotes":""},"class_list":["post-26","page","type-page","status-publish","hentry"],"_links":{"self":[{"href":"https:\/\/eltera.org\/index.php?rest_route=\/wp\/v2\/pages\/26","targetHints":{"allow":["GET"]}}],"collection":[{"href":"https:\/\/eltera.org\/index.php?rest_route=\/wp\/v2\/pages"}],"about":[{"href":"https:\/\/eltera.org\/index.php?rest_route=\/wp\/v2\/types\/page"}],"author":[{"embeddable":true,"href":"https:\/\/eltera.org\/index.php?rest_route=\/wp\/v2\/users\/1"}],"replies":[{"embeddable":true,"href":"https:\/\/eltera.org\/index.php?rest_route=%2Fwp%2Fv2%2Fcomments&post=26"}],"version-history":[{"count":2,"href":"https:\/\/eltera.org\/index.php?rest_route=\/wp\/v2\/pages\/26\/revisions"}],"predecessor-version":[{"id":689,"href":"https:\/\/eltera.org\/index.php?rest_route=\/wp\/v2\/pages\/26\/revisions\/689"}],"wp:attachment":[{"href":"https:\/\/eltera.org\/index.php?rest_route=%2Fwp%2Fv2%2Fmedia&parent=26"}],"curies":[{"name":"wp","href":"https:\/\/api.w.org\/{rel}","templated":true}]}}